t s be d(-6). Suppose -2*b = -3*b + s. Suppose 22 = 9*w - b*w. What is the units digit of w?
2
Let r = -2349 - -4953. What is the units digit of r?
4
Let z(h) = -h**2 + 7*h - 8. Let l be z(5). Suppose 0 = -4*w + l*w. Suppose 3*q - 55 - 27 = -s, w = -4*s + 4. What is the tens digit of q?
2
Let x be (162 - (-2 - -4)) + 0. Suppose -5*j + x = 5*q, 25 + 5 = q - j. What is the units digit of q?
1
Let p be (-2 + 3)*-2 - (-112 + -1). Let h = p - -24. What is the units digit of h?
5
Suppose -2*c = 4*a + 14, -2*c - a - 21 = -4. What is the tens digit of (-534)/c - 5/15?
5
Suppose -4*b + 3*v = 4 - 76, 5*v + 90 = 5*b. What is the tens digit of (-104)/(-65)*50/12*b?
2
What is the units digit of 3570 - -67 - 5*(-1 + 0)?
2
What is the hundreds digit of (618*(-2)/5)/((-50)/125)?
6
Let s be 4/2 + (0 - 15). Let t = -9 - s. Suppose a - 5*o = 4*a - 53, 0 = -t*a + o + 109. What is the tens digit of a?
2
Let u = -25 - -38. Let s(f) = -f**2 + 12*f + 19. Let g be s(u). Let k = g + -3. What is the units digit of k?
3
Let o(a) = 39*a + 416. What is the thousands digit of o(20)?
1
Let j = 5 - -7. Let x(s) be the second derivative of s**4/12 - 3*s**3/2 - 11*s**2/2 + 26*s. What is the tens digit of x(j)?
2
Let v be -1*(-9)/6*(956 - -12). Suppose -11*o + 539 + v = 0. What is the tens digit of o?
8
Suppose -673 - 123 = -2*u. What is the units digit of u?
8
Let b = -53 + 51. Let d be (22/4)/(2/(-8)). What is the units digit of b*(-3)/(-2) - d?
9
Suppose 6*v - 172 = -3*y + v, -5*y - 2*v = -312. Let a = -33 + y. What is the tens digit of a?
3
Suppose -34*g - 7820 = -2*q - 33*g, -3*q + 3*g = -11724. What is the hundreds digit of q?
9
Let m(j) be the first derivative of j**3/3 - 7*j**2/2 + 6*j - 10. Let s be m(6). Suppose s = 4*x - 67 - 93. What is the tens digit of x?
4
Suppose 0 = 2*s - 5*t - 10, 3*s - 24 = -3*t + 12. Let y = 15 - s. Suppose 0 = -y*u + u + 124. What is the tens digit of u?
3
Suppose 2*f = -3*f + 2*p + 420, 5*p = 2*f - 168. Suppose -5*r - z = -r - 28, 0 = 5*r + 4*z - 46. Suppose r*l - 3*l - f = 0. What is the tens digit of l?
2
Suppose -4*t + 366 = 2*v, 6*v - v + 3*t - 943 = 0. Suppose 5*a + 114 = -v. Let l = a + 85. What is the units digit of l?
4
Suppose 17*x - 13*x - 20 = 0. Let w be x + (4/4 - 4). Suppose 0 = -3*c - w*d + 73, -3*c + d - 6*d = -70. What is the units digit of c?
5
Let m be (-63)/(-14)*4/6. Suppose 2*w = w + 5*v - 7, -15 = -m*v. Suppose -r + w = r. What is the units digit of r?
9
Suppose -o + 5*j = -609 + 150, 0 = -2*o + 3*j + 946. What is the tens digit of o?
7
Suppose -3*w + 5*t = 2*w - 2535, 3*w = -3*t + 1545. What is the hundreds digit of w?
5
Let i be (4 - 0)*(25/(-10) - -3). Suppose -3*y + 249 = -2*x, -2*y + i*x - 23 = -191. What is the units digit of y?
1
Let j(u) = -13*u**2 + 4*u - 21. Let v(d) = 12*d**2 - 5*d + 20. Let t(o) = 4*j(o) + 5*v(o). What is the hundreds digit of t(4)?
1
Let h = -17 + 29. Suppose -5*s - 5 = 4*a, -2*s + 22 = 2*s - 2*a. What is the tens digit of h/s - -25*1?
2
Let i(v) = 7*v - 99. What is the units digit of i(27)?
0
Let h be (-14 + 17)*(-32)/(-6). Let v = h - -22. What is the units digit of v?
8
What is the units digit of (-1*(-2)/(-5))/((-313)/50080)?
4
Let i(w) = -2*w**3 + 6*w**2 - w + 7. What is the tens digit of i(-5)?
1
Let w be (-4 + 2 + 2)/3. Suppose -5*g - 15 = w, 0 = 2*u - g - 3*g - 54. What is the tens digit of u?
2
Suppose -51*w + 20 = -55*w. What is the hundreds digit of (-5)/(-2)*(-334)/w?
1
Let x(i) = i**2 - 8*i + 2. Let l be x(8). Suppose -2*u = 5*b + l*u - 81, 2*b + u - 30 = 0. What is the tens digit of 739/b - (-20)/130?
5
Let m(c) be the third derivative of c**6/120 + 3*c**5/20 + 11*c**4/24 - 17*c**3/6 - 46*c**2. What is the units digit of m(-7)?
4
Suppose 51*l - 1068 = 39*l. What is the tens digit of l?
8
Suppose 0*h - 60 = -5*h. Let r(f) = -f**2 + 15*f - 25. Let v be r(h). Let z = 34 - v. What is the units digit of z?
3
Suppose -76 = 4*n + 28. What is the units digit of (6 - n) + 3/1?
5
Let a = -4084 + 6455. What is the units digit of a?
1
Suppose 9 = 3*c - 6. Suppose c*q + 105 = t, -4 = q - 3. What is the hundreds digit of t?
1
Let l = 2373 - 1688. What is the units digit of l?
5
Let t(l) = -3*l + 485. Let s be t(0). Let y = s + -271. What is the tens digit of y?
1
Suppose -5*u = -m - 15, 3*m - 2*u - 8 = -1. Suppose -207 - 33 = -m*l. What is the tens digit of l?
4
Let b = -7 - 54. Let d = b + 71. What is the units digit of d?
0
Suppose 5*n + 24 = n. Let s(i) = -12 + 3 - 2*i - 2*i. What is the tens digit of s(n)?
1
Let p(q) = q**3 - 10*q**2 + 3*q + 24. Let t be p(10). Suppose -k + t = 21. What is the tens digit of k?
3
Suppose 4 = u - 0. Suppose 5*p + 6*q - 5 = q, -5*q = -p + 31. Suppose k - 2*h = 33, -u*h = -2*h + p. What is the units digit of k?
7
Suppose 3*l + 0*l - 6 = 0. Suppose 31 = l*a - 7. Suppose s = 2*v + 32, 2*v - a - 101 = -3*s. What is the tens digit of s?
3
Let s(d) = 13*d**2 - 32*d - 64. What is the thousands digit of s(17)?
3
Let z(k) = k**2 + 2*k - 2. Let t be z(5). Suppose -5 + t = 7*r. Suppose -r*m = -2*m - 24. What is the tens digit of m?
1
Let o = 8557 - 3080. What is the tens digit of o?
7
Let i(g) = -206*g**2 - 11*g - 12. Let b be i(-6). Let u be (-2)/7 - b/42. Let c = u - 111. What is the tens digit of c?
6
Suppose -3*o = o. Suppose o = 4*g - g - f - 118, -4*f = 3*g - 113. What is the tens digit of g?
3
Let u(m) = 55*m**3 - 10*m**2 + 22*m. What is the hundreds digit of u(3)?
4
Suppose -74*j + 45829 + 18773 = 0. What is the tens digit of j?
7
Let p(f) = f**3 + 10*f**2 + 11*f + 12. Let l be p(-9). What is the units digit of ((-3)/2)/(l/316)?
9
Let t(n) = -20*n**3 - 5*n**2 - 7*n - 3. What is the units digit of t(-3)?
3
Let a = 1151 + 548. What is the thousands digit of a?
1
Let w(v) = -v + 1. Let a be w(-2). Let q = 27 - 46. Let z = a - q. What is the units digit of z?
2
Suppose 2*z + 5*t + 4 = -0*t, 5*z - 4*t + 10 = 0. Let m be 208 + 1/(-1 - z). Suppose -4*h = 37 - m. What is the tens digit of h?
4
Let n(w) = 393*w - 103. What is the units digit of n(5)?
2
Let a be 1 - (-61)/(-1)*5/(-5). Suppose -4*p + a = 2*o - 36, 3*p = 12. What is the units digit of o?
1
Let t(h) = h**2 - 3*h - 78. Let q be (-5)/(5*(-6)/(-90)). What is the hundreds digit of t(q)?
1
Suppose v = -t + 8 - 3, -3*t = 5*v - 23. Let z(h) = -h**2 + 4*h - 1. Let g be z(3). What is the tens digit of (1/g)/(t/88)?
4
Let w(y) = 3*y**2 - 16*y. Let u be w(8). What is the hundreds digit of 0 + 249 - (u/(-4))/(-4)?
2
Let z(x) = 105*x - 7. What is the hundreds digit of z(4)?
4
Let l = -117 + 81. Let m be -3*(11 + -1)*-2. Let g = l + m. What is the units digit of g?
4
Let s(l) = 207*l - 79. What is the tens digit of s(16)?
3
Let w(g) = -518*g - 16. Let v be w(-14). Suppose 20*h + 2016 - v = 0. What is the tens digit of h?
6
Let z = 32 - -4. Suppose -2*a - a = -z. Suppose q + s + 16 = 2*q, -q + a = s. What is the tens digit of q?
1
Suppose -3*j - 4 = 5*l - 20, -4*l + 3*j + 29 = 0. Suppose l*w = 2*a + 138, -4*w - 5*a + 138 = 21. What is the units digit of w?
8
Suppose -604*s + 593*s + 7601 = 0. What is the hundreds digit of s?
6
Let t = 8010 - 5118. What is the thousands digit of t?
2
Let s be 411/7 + 10/35. Let p = s - 19. Let t = p - 23. What is the tens digit of t?
1
Let g = -106 - -188. Let u = g - 42. What is the tens digit of u?
4
Let m = 17 - 48. Let u = m + 11. Let w = 69 + u. What is the units digit of w?
9
Suppose j - 7*z = -8*z + 2, 10 = -j - 5*z. Suppose -2*v + 211 = d, -2*v - v = -j*d - 323. What is the hundreds digit of v?
1
Let f = 1159 - -203. What is the units digit of f?
2
Let x be (-1)/(-3) + (-107)/(-3). Let t be -2 + (x - (-2 + 1)). Suppose 4*g - 9 = t. What is the units digit of g?
1
What is the units digit of 33/132 + 1/((-4)/(-2507))?
7
Suppose 110 = 2*j + 3*j. Let f be 75/(-50)*154/3. What is the tens digit of (-1680)/f + 4/j?
2
Let c(l) be the third derivative of l**4/24 + 7*l**3/6 - l**2. Let r(q) = 2*q**2 - 31*q + 11. Let o be r(15). What is the units digit of c(o)?
3
Let v = 37 - 40. What is the units digit of (-23)/(-4) - v/12?
6
Suppose -5*y - 3*l + 1237 = 0, 2*l - 898 = -5*y + 335. What is the hundreds digit of y?
2
Suppose 0 = -6*l + 7 + 17. Suppose -3*w + 7 = -3*o + 4*o, 5*w - 23 = l*o. What is the units digit of w?
3
Let a(f) = 20*f + 48. Suppose 4*y - 4*h = 13 + 11, -y = 4*h - 6.